s 11248417 a composite number?
False
Is 45610567 a composite number?
False
Is 42733643 a composite number?
False
Is 83018171 composite?
False
Is 2200829 a prime number?
False
Is 119461109 composite?
False
Is 7786151 a prime number?
True
Is 1433573 composite?
False
Is 6868411 a prime number?
False
Is 82343479 prime?
True
Is 314940359 prime?
True
Is 1648697 a composite number?
False
Is 63990757 a composite number?
False
Is 43439497 a composite number?
False
Is 279744351 composite?
True
Is 2851049 a composite number?
False
Is 30312143 a composite number?
True
Is 13617469 a composite number?
False
Is 2667433 prime?
True
Is 34081315 prime?
False
Is 752941 a composite number?
True
Is 45446957 a prime number?
True
Is 346159 a prime number?
False
Is 38018041 a composite number?
True
Is 326021 prime?
False
Is 28963913 a prime number?
False
Is 125955338 composite?
True
Is 43541 a prime number?
True
Is 437771 a composite number?
False
Is 6827449 a prime number?
True
Is 1425707 a prime number?
True
Is 31941587 composite?
False
Is 1847929 prime?
True
Is 283070087 composite?
True
Is 1239397 prime?
True
Is 1694051 prime?
True
Is 5837287 composite?
False
Is 8625779 prime?
False
Is 1561801 prime?
True
Is 3222379 a composite number?
False
Is 20830711 composite?
True
Is 4192697 a prime number?
True
Is 13717433 a prime number?
False
Is 250442777 a prime number?
False
Is 7195453 composite?
False
Is 28872071 a prime number?
True
Is 6516457 a composite number?
True
Is 1091395 a prime number?
False
Is 487108801 a prime number?
True
Is 286973 a prime number?
True
Is 36779467 composite?
False
Is 17042647 a composite number?
True
Is 1091761 a prime number?
False
Is 90041221 a prime number?
True
Is 13788847 composite?
False
Is 9137389 a prime number?
False
Is 18398941 a composite number?
True
Is 6846787 prime?
True
Is 14209859 a composite number?
False
Is 96052513 a prime number?
False
Is 12540581 prime?
True
Is 729251 prime?
False
Is 362392001 composite?
False
Is 13107793 a composite number?
False
Is 3157027 prime?
False
Is 22232471 composite?
False
Is 17378653 a prime number?
True
Is 6266201 a prime number?
False
Is 3201442 prime?
False
Is 23050291 a prime number?
False
Is 15684701 prime?
True
Is 3074081 a composite number?
False
Is 1034348215 prime?
False
Is 2433763 composite?
False
Is 127224671 a prime number?
False
Is 10795465 a composite number?
True
Is 191934758 prime?
False
Is 53623043 a prime number?
False
Is 366141929 composite?
False
Is 183871 composite?
False
Is 2983835 composite?
True
Is 577792123 a composite number?
False
Is 1544563 a prime number?
True
Is 21659333 a prime number?
True
Is 8688059 a prime number?
True
Is 29609933 a prime number?
True
Is 731551 composite?
True
Is 5292709 a prime number?
True
Is 3635789 a prime number?
True
Is 292567507 a composite number?
True
Is 16476509 composite?
True
Is 28921397 a composite number?
False
Is 22709273 a prime number?
True
Is 12696241 a composite number?
True
Is 1993031 a composite number?
False
Is 25582819 a prime number?
True
Is 4810769 composite?
True
Is 2387743 prime?
False
Is 1891081 a prime number?
False
Is 4286537 a prime number?
True
Is 8419669 a composite number?
True
Is 95243443 a composite number?
False
Is 8363579 a composite number?
True
Is 36638815 a composite number?
True
Is 336143 a composite number?
False
Is 87486851 a prime number?
True
Is 19569577 a prime number?
False
Is 9761737 composite?
False
Is 656789 a composite number?
True
Is 42750185 a prime number?
False
Is 67693073 a composite number?
True
Is 1511957 prime?
False
Is 248501321 composite?
False
Is 478119863 a prime number?
False
Is 5694389 composite?
False
Is 109366037 a prime number?
False
Is 106072397 a composite number?
False
Is 31815409 prime?
True
Is 22256911 a composite number?
True
Is 24438703 composite?
True
Is 79681603 prime?
True
Is 381919 a prime number?
False
Is 4838269 composite?
True
Is 61500343 composite?
True
Is 4024567 composite?
True
Is 18302653 a prime number?
False
Is 4253649 prime?
False
Is 362491 a composite number?
True
Is 1013711 a prime number?
True
Is 607051 composite?
True
Is 11754851 composite?
False
Is 8689349 composite?
False
Is 455750527 a prime number?
True
Is 107883437 a prime number?
True
Is 6992651 prime?
True
Is 1119311 prime?
False
Is 27106697 a prime number?
True
Is 2608091 prime?
True
Is 7830089 a composite number?
True
Is 107619313 a prime number?
False
Is 3306839 a composite number?
False
Is 90011807 a prime number?
True
Is 7467611 a prime number?
True
Is 224846945 a prime number?
False
Is 3268681 a prime number?
False
Is 311438783 a prime number?
False
Is 2026151 composite?
False
Is 342131939 prime?
True
Is 20351939 composite?
True
Is 386864317 a composite number?
True
Is 5556842 composite?
True
Is 2912749 a composite number?
True
Is 221731439 a composite number?
False
Is 1573679 a composite number?
False
Is 410037949 a composite number?
False
Is 551259029 composite?
False
Is 21461663 prime?
False
Is 5418757 prime?
True
Is 2016653 a composite number?
False
Is 20879671 a composite number?
True
Is 210352999 a composite number?
True
Is 34427507 prime?
False
Is 1665805 a prime number?
False
Is 18929531 a composite number?
False
Is 90311 a composite number?
True
Is 15824201 a composite number?
False
Is 25217033 composite?
True
Is 59330633 prime?
True
Is 14364679 a prime number?
False
Is 19708553 a composite number?
False
Is 9977 a prime number?
False
Is 4660781 prime?
True
Is 663523 composite?
True
Is 702599 a composite number?
False
Is 100908655 prime?
False
Is 676093 a composite number?
True
Is 1932923 a prime number?
True
Is 15851839 composite?
False
Is 106432817 a composite number?
False
Is 107865379 prime?
False
Is 2189449 composite?
True
Is 2781613 composite?
True
Is 1696649 prime?
True
Is 300673 a composite number?
False
Is 43184179 a prime number?
False
Is 2204771 a composite number?
True
Is 4927259 prime?
True
Is 89689243 composite?
True
Is 15012521 composite?
False
Is 30269563 a prime number?
True
Is 86197421 composite?
True
Is 1984659 a prime number?
False
Is 90352061 composite?
False
Is 60096791 prime?
False
Is 153093 a composite number?
True
Is 9826653 a composite number?
True
Is 28168531 a prime number?
True
Is 5840039 a composite number?
False
Is 11772719 composite?
True
Is 11202631 composite?
True
Is 13208867 prime?
False
Is 16244191 prime?
False
Is 2933453 a prime number?
True
Is 4062917 prime?
False
Is 12938245 prime?
False
Is 1889301 a prime number?
False
Is 4235851 prime?
True
Is 1859771 prime?
True
Is 212454535 a composite number?
True
Is 2994689 a composite number?
True
Is 55731523 prime?
True
Is 3656459 a prime number?
False
Is 95615501 a prime number?
False
Is 93490739 composite?
True
Is 2052851 a composite number?
True
Is 2628751 a prime number?
False
Is 38972929 a prime number?
True
Is 7619089 composite?
False
Is 1614421 a prime number?
False
Is 1999306 prime?
False
Is 44573137 prime?
False
Is 82403401 a prime number?
True
Is 7744469 a prime number?
False
Is 1855207 composite?
False
Is 30091753 a composite number?
False
Is 2932311 composite?
True
Is 54433633 composite?
False
Is 28823219 a prime number?
True
Is 74523711 a composite number?
True
Is 359059 a composite number?
True
Is 3519095 composite?
True
Is 306541 a composite number?
False
Is 3094661 prime?
True
Is 739279 composite?
True
Is 13572757 a prime number?
False
Is 121747979 a composite number?
False
Is 2887537 composite?
False
Is 82854251 a composite number?
True
Is 216492671 a composite number?
True
Is 281426983 a composite number?
False
Is 2379207 composite?
True
Is 5275033 composite?
True
Is 147926423 a composite number?
False
Is 6575591 prime?
False
Is 80241727 a prime number?
False
Is 302189 a composite number?
False
Is 11640037 a composite number?
True
Is 1970867 composite?
False
Is 21086651 a composite number?
True
Is 172873 composite?
True
Is 90991981 prime?
False
Is 66862997 a composite number?
True
Is 5033317 a prime number?
True
Is 2434139 prime?
True
Is 14479799 composite?
False
Is 4928149 prime?
True
Is 8864673 prime?
False
Is 12448417 prime?
True
Is 47364059 composite?
False
Is 1255651 prime?
True
Is 21413243 composite?
False
Is 41630033 prime?
True
Is 2914081 a prime number?
True
Is 2351443